(25/(-2)) + (-27)/(-5). Let g be -1 - (-1 - (1 - 1)). Suppose -3*x + 3*d + 33 = g, -79 = -m*x - 5*d + 4*d. Is x a composite number?
True
Suppose -4*c = -2*o + 30, -4*c + 2*o - 33 = 3*o. Let d be (-20)/c*2/5. Is 2/d + -6 + 7 a prime number?
True
Suppose -4*l = -80 - 48. Suppose -y + 170 - 55 = -2*n, 4*y - 442 = 2*n. Let j = y - l. Is j prime?
False
Suppose -5*m + 4*j = -643, -j + 119 = m + 3*j. Is m a prime number?
True
Suppose 36 = 4*c + 2*g, g = -2*g + 12. Let w(z) = -z**2 + 6*z + 10. Let h be w(c). Suppose 0 = 3*y + h, -4*a + 0*y + 306 = 2*y. Is a a prime number?
False
Let a(h) = 82*h - 4. Let v be a(6). Suppose -5*f + v - 178 = 0. Is f prime?
False
Let r = -43 + 74. Is r a prime number?
True
Let h(u) = 6*u + 15. Is h(9) composite?
True
Let f be (24/(-20))/((-2)/10). Suppose c - 3*c = -f. Suppose -44 = -n - c*n. Is n a prime number?
True
Let w = 14782 + -8051. Is w a prime number?
False
Suppose -28*y = -32*y + 9308. Is y composite?
True
Suppose -89 = 2*n - 879. Suppose w - 255 - n = -3*f, -4*f + 864 = 4*w. Is f composite?
True
Let v = -7 - -6. Is 0/(-2) + 22 - v a composite number?
False
Let d = 8 - 5. Suppose 0 = -d*q + 5*r - 8, -r + 0*r + 1 = 0. Is 9 + 0/(q/(-1)) prime?
False
Suppose 3*n - 6 = 6, 86 = 2*u + 2*n. Let f = 58 - u. Is f a composite number?
False
Let k = 928 + -1740. Is k/(-12) + (-4)/6 prime?
True
Suppose 3*n + n = -5*d - 5, -3*n = -2*d - 2. Let k(z) = z**2 - z - 20. Let t be k(n). Let m = 19 - t. Is m composite?
True
Let q(b) = 5*b**2 + b. Let i be q(-1). Let a = 3 - i. Is 1/(2/(-422))*a a prime number?
True
Let y(z) = 10*z - 5. Let x be y(6). Is x*1 + (4 - 6) a composite number?
False
Let m = 287 + -86. Is m composite?
True
Let l(f) = f**2 + 4*f + 3. Let n be l(-2). Let j = n + -1. Is 1 - -1 - (j - 21) a composite number?
True
Suppose 4*f - 80 - 76 = 0. Let n = f - 27. Let k = 35 - n. Is k prime?
True
Is 2 + 1843 + (-3 - -5) a prime number?
True
Suppose -v + 200 = 3*o, -3*o = 3*v - 273 + 75. Is o prime?
True
Let l = -5 - -10. Suppose -i - 62 = -3*i - t, -i = -l*t - 31. Is i prime?
True
Is 20709/104 - (-2)/(-16) a prime number?
True
Suppose -5*x + 552 = 4*v - 0*x, 3*x = 2*v - 298. Is v prime?
False
Suppose 2*i + 38 = -6. Let v = 111 + i. Is v composite?
False
Let y(q) be the first derivative of -9*q - 1/4*q**4 + 8/3*q**3 + 2*q**2 + 3. Is y(8) composite?
False
Is 252 + 1*4/4 a composite number?
True
Suppose 5*h = -5*g - 20, 0*g + 3*g + h + 4 = 0. Suppose 2*l = 5*p + 20 + 78, g = -l - 5*p + 49. Is l prime?
False
Suppose -2*f = -5*j + 1095, 2*f - 438 = -2*j - 3*f. Is j a composite number?
True
Suppose 60 = m - 847. Is m composite?
False
Let s(u) = -175*u - 36. Is s(-17) a composite number?
False
Suppose 0 = 5*y + 3*a - 2209, 5*y + 2*a = 5*a + 2221. Is y a prime number?
True
Suppose 116 - 307 = -z - 3*d, -2*z - 2*d = -382. Is z composite?
False
Is 35150/20 + 3/2 composite?
False
Let o(f) = -f + 1. Let d(l) = 70*l - 14. Let n(m) = -d(m) - 3*o(m). Is n(-6) prime?
False
Let k(s) be the third derivative of -s**5/60 - 3*s**4/8 - 7*s**3/6 + s**2. Suppose 2*t + 22 = -2*v, -5*v = 3*t - 4*v + 23. Is k(t) a prime number?
True
Let l(w) = -w**2 - 6*w + 6. Let f(n) = n**2 - 14*n - 5. Let i be f(14). Is l(i) a composite number?
False
Let x = 0 + 6. Suppose -3*w - x - 6 = 0. Is 78 - w - (-2)/2 prime?
True
Let k(d) = 98*d - 13. Is k(4) prime?
True
Suppose -6*q - j + 5 = -2*q, -3*q + 4*j = 20. Suppose q = 3*i - 12, 0 = 5*s + 3*i + 28 - 235. Is s composite?
True
Let g(t) = -t**2 + 8*t - 7. Let w be g(7). Let s = w + -2. Is 1 - (-54 + (0 - s)) a composite number?
False
Is (226*(-3)/(-6))/1 a composite number?
False
Is ((-2)/1)/(5/2345*-2) a prime number?
False
Let i(r) = -69*r - 4. Let z be (-34)/10 - 4/(-10). Is i(z) a prime number?
False
Suppose -2*l = -3*n - 32, -n + l + 26 = -3*n. Is (4652/(-6))/(8/n) prime?
True
Let m = -302 - -745. Is m prime?
True
Suppose 3*u + g = 1500, 0 = -3*u + 2*g - 0*g + 1509. Is u/9 + 4/(-6) a prime number?
False
Suppose 20*b - 17*b - 111 = 0. Is b a prime number?
True
Let t be 26/(-117) - (-20)/9. Suppose 2*g + 35 = n, 4*n + 0*n - t*g = 110. Is n a prime number?
False
Let i be 206/14 - 6/(-21). Suppose 2*m - 51 = -2*g - i, -2 = g - 4*m. Is g prime?
False
Suppose -p + 6*p = 15. Suppose 3*t = 2*z + 8, 2*t - 12 = 3*z - p*t. Is (z/(-6))/((-2)/(-21)) prime?
True
Let u(z) = -z**2 + z + 12. Let f be u(0). Suppose -f = -l + 4*t, 31 = -2*l - 4*t + t. Is 4/l + (-78)/(-4) a composite number?
False
Suppose -183 = -h + 82. Is h a composite number?
True
Suppose 0 = a + 4*a - 10. Suppose 2*n + 3*l - 505 = -a*n, 4*l = -5*n + 631. Is n composite?
False
Let w(l) = 3*l**3 + 2*l**2 - l + 1. Let q(y) = -y**3 - y**2 + y - 1. Let f(x) = 5*q(x) + 2*w(x). Is f(4) a prime number?
False
Suppose 5*k = h - 62, 0 = -3*h + 3*k - k + 225. Is h a prime number?
False
Let a(c) = -c**3 + 11*c**2 - c + 3. Is a(8) a prime number?
False
Suppose 4*k - 5*k - 51 = 0. Let m be k/(-6)*(-44)/2. Is m/(-5) + (-4)/10 composite?
False
Suppose -173 - 117 = -5*q. Let p = -19 + q. Is p a composite number?
True
Let f = -45 + 125. Let x = f + -46. Is x a composite number?
True
Suppose 0 = -3*f + 29 + 40. Suppose 0 = 4*n - 3*o - 1, 3*o - f = -n - n. Suppose -g - n*g = -185. Is g composite?
False
Suppose 3*a + 3*d + d + 36 = 0, -a - 2*d - 14 = 0. Is a/12 - (-346)/6 composite?
True
Let z = 149 - 67. Suppose 3*v = -a - 139, v + 2*a - 10 + 63 = 0. Let r = v + z. Is r prime?
True
Is -5 + 1499 - 1*-3 a prime number?
False
Let r = 256 + -107. Is r prime?
True
Is (1660 - 2*6/(-4))*1 a prime number?
True
Let t(k) = -435*k + 32. Is t(-5) composite?
False
Suppose -3*n + 0*n = -12. Let p be ((-104)/10)/((-8)/20). Suppose -n*d + 2 = -p. Is d a prime number?
True
Let j be 1258/9 - (-2)/9. Suppose -w + j = 3*w. Is w prime?
False
Let f(j) = -j**3 - 4*j**2 - 3. Let b be f(-4). Let x = b - -6. Suppose -67 = -3*s - 4*z + 64, x*s - 3*z - 96 = 0. Is s a composite number?
False
Let f(a) = -a**3 - 2*a**2 - 3. Let s be f(-3). Suppose -s = -3*y - 0. Let m = 23 - y. Is m a composite number?
True
Let f(r) = -129*r**3 - 9*r**2 - 12*r - 13. Is f(-4) a composite number?
False
Let d = 165 + -96. Let p(u) = -u**2 - 7*u - 7. Let f be p(-5). Suppose -3*n = 4*r - 105, -f*n - 3*r = -n - d. Is n prime?
False
Let f(u) = -3*u**3 - 4*u**2 + 3*u - 3. Is f(-5) prime?
True
Suppose -8*f + 11265 = -3*f. Is f prime?
False
Suppose 7 = -3*z - 5*k - 2, -15 = 5*k. Suppose 0*c = -z*c + 28. Is c composite?
True
Let a(i) = -i**2 + 6*i + 2. Let z be a(7). Let h = z + 39. Is h composite?
True
Let d(r) be the first derivative of -r**4/4 + r**3/3 + r**2/2 + 77*r + 5. Let k(t) = -t**2 + 7*t. Let x be k(7). Is d(x) a prime number?
False
Let a(y) = 0 + y**2 - 3*y - 4*y - 6. Let b be a(8). Suppose 0 = -4*q - c + 145, -q + 80 = q + b*c. Is q a composite number?
True
Let x(k) = 25*k**2 - 4*k + 1. Let r be x(-4). Let c = r - 86. Is c prime?
True
Let i(c) = 64*c + 1. Let g = 4 - 4. Suppose -p = g, -2*n - 2*p = n - 3. Is i(n) prime?
False
Let m = -761 - -1102. Is m a composite number?
True
Let z(r) be the first derivative of -r**6/120 + r**5/60 + r**4/24 + 13*r**3/3 + r**2 + 1. Let t(n) be the second derivative of z(n). Is t(0) a composite number?
True
Let u = -261 - -608. Let j = -156 + u. Is j a composite number?
False
Let p(i) = i**2 - 4*i + 3. Let d be p(4). Suppose o - 2*o + 139 = d*r, -5*o + 51 = r. Is (-1 + 0)/((-2)/r) a composite number?
False
Is (-16)/(-32)*((-1509)/(-3) + -1) a prime number?
True
Suppose -12 = -4*h - 4, 674 = -4*k + 5*h. Is (2 + -1)/((-2)/k) a prime number?
True
Let z = -3178 - -5657. Is z a prime number?
False
Let g = 1 - -1. Suppose g*j + 83 = 3*j. Is j a prime number?
True
Suppose 2*t + 0 + 10 = 0, 334 = 3*s + t. Is s composite?
False
Suppose -3*x = 2*w + 4 - 18, 3*x + 56 = 5*w. Suppose u = t - 2, -2*t = u + 3*t - w. Suppose 3*h + h - 28 = u. Is h composite?
False
Suppose -2*s + 3*i - 3 = 0, s + 6*i - 9*i = -6. Suppose -s*h - 8 = h. Is 0/h - 1*-77 a prime number?
False
Suppose 3*i - w = 162, 5*i = -5*w + 3*w + 281. Is i a composite number?
True
Suppose 4*k + 12 = 7*k. Suppose 7*f - 267 = k*f. Is f prime?
True
Let x(r) = -44*r**3 - 3*r**2 + 2*r - 4. Is x(-3) a prime number?
True
Let s(n) = -n**2 - 5*n - 2. Let c be s(-4). Suppose 7*t = c*t + 35. Is t a composite number?
False
Let o(t) = -29*t - 25. Let